102103
Convert -10202121200000 (base 3) to base 7.
-23000202
Convert 2628049 (base 12) to base 15.
9d8393
What is -31a67 (base 11) in base 9?
-70747
1d0c7c (base 14) to base 8
3756516
2201112101102 (base 3) to base 15
1d8c9b
Convert 2a4a (base 16) to base 4.
2221022
-15921a (base 12) to base 4
-1121323312
What is 7074052 (base 8) in base 11?
1064865
-199480 (base 10) to base 13
-6ca48
-eaa9e (base 16) to base 7
-11112165
What is -2c30d4 (base 14) in base 7?
-16063354
-1222310030 (base 4) to base 16
-6ad0c
What is -46046a (base 14) in base 12?
-96aa3a
Convert 47c0e (base 15) to base 12.
b051b
What is -37027147 (base 8) in base 5?
-4040411333
135533 (base 6) to base 15
3c80
Convert -110011001101 (base 3) to base 12.
-b6491
652520 (base 8) to base 3
102002122200
Convert 31d46 (base 14) to base 9.
203382
-1110000010101001100 (base 2) to base 16
-7054c
What is -1233133302 (base 4) in base 7?
-3611313
450b25 (base 14) to base 6
122135033
-2551132 (base 7) to base 12
-13bba1
What is 1307077 (base 11) in base 8?
10506063
-1110111000 (base 2) to base 13
-583
-10630644 (base 8) to base 6
-121234032
Convert -a0949 (base 11) to base 2.
-100100000001100000
What is 3459242 (base 10) in base 9?
6452162
215337 (base 15) to base 5
401240402
What is 31379 (base 10) in base 15?
946e
Convert -885266 (base 9) to base 2.
-10000001000101101011
What is 6541 (base 8) in base 11?
2634
Convert -2424a2 (base 14) to base 5.
-304020401
e73e0 (base 15) to base 14
15131a
3527649 (base 11) to base 4
113133233110
-5d225 (base 14) to base 6
-4520213
Convert 64ba68 (base 12) to base 13.
43b86c
What is -11622656 (base 7) in base 8?
-3776461
What is -501052 (base 10) in base 6?
-14423404
-144565335 (base 7) to base 15
-ca3483
What is 11021103242 (base 5) in base 16?
b57db5
What is -4b55d0 (base 16) in base 10?
-4937168
11144461 (base 7) to base 6
32435034
Convert -5442425 (base 8) to base 9.
-2664021
6e9186 (base 15) to base 9
10861330
Convert 103033212233 (base 4) to base 12.
183343b
1100120110220 (base 3) to base 5
141013441
What is -1658515 (base 9) in base 13?
-264c1a
-113221000 (base 4) to base 2
-10111101001000000
5141322 (base 6) to base 5
30342303
30600771 (base 8) to base 15
882814
-9b801c (base 15) to base 16
-7131a5
Convert 309045 (base 11) to base 15.
9bac1
What is -715869 (base 11) in base 9?
-2142070
Convert -2769cc9 (base 13) to base 14.
-191da01
6000615 (base 7) to base 6
23045240
Convert 468a (base 15) to base 4.
3222010
Convert 23a04b3 (base 12) to base 5.
3233122120
1d99da (base 15) to base 5
332400410
Convert -112233223031 (base 4) to base 9.
-12186838
What is 1ac1164 (base 13) in base 10?
8884919
Convert 237485 (base 11) to base 7.
3123655
What is -1127603 (base 9) in base 12?
-254670
b91c (base 13) to base 2
110010001110001
-131312230 (base 4) to base 12
-5a924
-283b52 (base 12) to base 10
-670382
-1321022020 (base 4) to base 3
-221012202011
573747 (base 8) to base 16
2f7e7
-80bc5 (base 13) to base 7
-1650015
17e3da (base 15) to base 10
1161880
-11001111100110100111 (base 2) to base 11
-53096a
What is 4560259 (base 10) in base 4?
101121112003
-1bba68 (base 15) to base 5
-321340343
Convert 100010001111011110110110 (base 2) to base 14.
1299370
Convert -4b6494 (base 13) to base 4.
-12322231022
Convert 1000000011100101111101 (base 2) to base 6.
113133101
What is -331002320011 (base 4) in base 8?
-75027005
-9236 (base 14) to base 12
-12668
Convert 206004 (base 8) to base 3.
10111010012
1110111010111111101101 (base 2) to base 9
7321710
What is 35145130 (base 6) in base 10?
1087182
2a7cc (base 13) to base 2
10011101000111011
Convert -111100333 (base 6) to base 12.
-8116a9
-639d0 (base 14) to base 8
-726042
What is 12011111121212 (base 3) in base 5?
1200331434
What is 3489243 (base 10) in base 16?
353ddb
What is 10100120222 (base 3) in base 11?
45688
What is -130010302 (base 4) in base 11?
-79440
305606 (base 8) to base 5
11220004
bd1fd2 (base 16) to base 13
274c6c3
Convert 430487 (base 11) to base 6.
22432242
Convert -205142 (base 7) to base 12.
-185a8
138b6a4 (base 14) to base 3
122211201122021
Convert 40301143 (base 5) to base 7.
2510626
-2646515 (base 8) to base 13
-1cc19a
Convert -45186b (base 12) to base 10.
-1101971
What is -1001011001001010111 (base 2) in base 9?
-518188
Convert 3b853 (base 15) to base 9.
320746
What is -172714 (base 12) in base 5?
-100222324
What is -2539451 (base 10) in base 15?
-35266b
What is -50cc9d (base 15) in base 6?
-214150451
Convert 6929d8 (base 14) to base 4.
31222003202
What is -22513122 (base 7) in base 10?
-1969914
Convert 99382 (base 14) to base 7.
3104022
What is 10010000000101 (base 2) in base 13?
4274
Convert -253551 (base 7) to base 12.
-231a9
144033202 (base 5) to base 13
20b6c4
Convert 3217632 (base 8) to base 2.
11010001111110011010
Convert -101397 (base 10) to base 12.
-4a819
Convert -112022400 (base 7) to base 4.
-122003110032
31302aa (base 12) to base 13
1bc7177
What is 376843 (base 10) in base 13?
1026ac
-16458321 (base 9) to base 8
-37352666
What is -114340040 (base 5) in base 2?
-10000100100110101001
-25244142 (base 7) to base 11
-1317aa8
Convert 340104 (base 5) to base 14.
44a4
10121444021 (base 5) to base 15
d94bab
What is 40010111 (base 5) in base 16?
4c744
What is -137cb8 (base 13) in base 2?
-1110011110110100110
125a72 (base 14) to base 5
130133221
What is -34344 (base 10) in base 8?
-103050
Convert 2026d (base 16) to base 2.
100000001001101101
What is -40525230 (base 6) in base 5?
-244144021
-726a5 (base 11) to base 12
-51406
What is -46b5 (base 14) in base 11?
-9282
What is c74f1 (base 16) in base 15?
111d49
What is -3063379 (base 11) in base 4?
-110220003323
1182131 (base 9) to base 5
131111140
Convert 12332331 (base 6) to base 13.
1106bc
What is 443101 (base 13) in base 2?
110001000001000100001
What is -466705 (base 8) in base 2?
-100110110111000101
Convert -26374765 (base 8) to base 6.
-330215301
Convert -11032355 (base 7) to base 16.
-e7c14
What is -1001111000100111011100010 (base 2) in base 12?
-6b38342
4504042 (base 7) to base 2
10000111110000000001
What is -78065a (base 16) in base 9?
-15718040
2342135 (base 9) to base 5
311032334
438ca (base 14) to base 11
101a46
12414400 (base 6) to base 11
258588
What is -7fb6be (base 16) in base 10?
-8369854
1001111101110010101111 (base 2) to base 5
1132044044
What is -62ac8 (base 14) in base 13?
-844cc
What is 155015530 (base 6) in base 16?
3295ce
Convert 41b (base 15) to base 11.
772
What is 332422443 (base 5) in base 3?
2201202020211
What is 686249 (base 11) in base 8?
4124203
Convert -192812 (base 14) to base 13.
-25250a
Convert -202431012 (base 5) to base 7.
-10013046
-10150046 (base 7) to base 9
-1538228
Convert 6787d (base 14) to base 12.
101587
a152 (base 16) to base 9
62576
-c3947 (base 13) to base 11
-21a703
Convert -11152440 (base 8) to base 9.
-4478162
Convert 230022233 (base 4) to base 5.
21242121
Convert 1993892 (base 11) to base 16.
333c9b
-27d7c3 (base 15) to base 8
-7243446
What is 20303 (base 11) in base 9?
44602
Convert 4ac19 (base 13) to base 12.
68020
Convert 143d44 (base 14) to base 3.
1022200102011
-1100111100010000 (base 2) to base 13
-1b187
What is 3200224011 (base 5) in base 8?
31271467
-1a658 (base 12) to base 14
-102a0
What is 101110000100101101100 (base 2) in base 3?
2211200222022
-15aa5a8 (base 11) to base 5
-1200043014
Convert 1100100011100011101 (base 2) to base 10.
411421
What is 21210010001 (base 3) in base 10?
153172
Convert -3025262 (base 8) to base 15.
-10b3c7
Convert -6a043c (base 13) to base 15.
-349db5
What is -141242215 (base 6) in base 7?
-33241244
What is -101101110000011100100 (base 2) in base 5?
-340434424
What is 4947b3 (base 12) in base 13?
328860
-121201212110 (base 3) to base 14
-88096
Convert 98446 (base 10) to base 3.
12000001011
Convert 52505230 (base 6) to base 7.
16013340
ae118 (base 16) to base 6
23140504
What is -3320130003 (base 4) in base 7?
-11435526
Convert 20111230 (base 4) to base 14.
c63a
What is -40424143 (base 5) in base 15?
-66c68
What is 2116702 (base 9) in base 16?
114b7b
258b (base 16) to base 12
568b
What is 27850672 (base 9) in base 16?
d2721d
Convert 30312125 (base 6) to base 7.
10231424
Convert 4c9011 (base 14) to base 16.
283cc7
What is -74b280 (base 14) in base 4?
-33010021000
Convert